{"id":765,"date":"2021-06-30T19:13:34","date_gmt":"2021-06-30T19:13:34","guid":{"rendered":"http:\/\/www.portinari-ba.com.br\/?page_id=765"},"modified":"2021-07-17T22:16:07","modified_gmt":"2021-07-17T22:16:07","slug":"plataforma-a","status":"publish","type":"page","link":"https:\/\/www.portinari-ba.com.br\/?page_id=765","title":{"rendered":"PLATAFORMA A+"},"content":{"rendered":"<p>[vc_row][vc_column][vc_column_text]<\/p>\n<div id=\"box_a_mais_align\" style=\"float: right; padding-left: 15px;\"><img decoding=\"async\" src=\"http:\/\/www.portinari-ba.com.br\/wp-content\/uploads\/2021\/06\/SELO-PARCEIRO-1.png\" \/><\/div>\n<p>Parceira das escolas na constru\u00e7\u00e3o do futuro da educa\u00e7\u00e3o, a <b>Plataforma A+<\/b> \u00e9 uma edtech que aplica tecnologia para desenvolver ferramentas de gest\u00e3o escolar e de ensino-aprendizagem, como o Estuda+, Aula+, Agenda+, Matr\u00edcula+, Escreva+ e Leia+.<\/p>\n<p>&nbsp;<\/p>\n<p>Cada uma das solu\u00e7\u00f5es contribui para a otimiza\u00e7\u00e3o do dia a dia de mais de 56 escolas em todo o pa\u00eds, aproximando o relacionamento com as fam\u00edlias e aumentando o engajamento e o aprendizado de mais de 30 mil alunos.<\/p>\n<p>&nbsp;<\/p>\n<p>Com as ferramentas A+, a organiza\u00e7\u00e3o das aulas, atividades e novas metodologias de ensino fica mais pr\u00e1tica para alunos e professores e o engajamento e desempenho dos alunos facilmente mensur\u00e1vel para as fam\u00edlias e coordena\u00e7\u00e3o das escolas, permitindo acompanhamento e a\u00e7\u00f5es certeiras.<\/p>\n<p>&nbsp;<\/p>\n<p>Conhe\u00e7a mais sobre as solu\u00e7\u00f5es:<\/p>\n<p>&nbsp;<\/p>\n<p>A experi\u00eancia A+ come\u00e7a j\u00e1 na matr\u00edcula, com o<b> Matricula+<\/b>, que permite admiss\u00f5es em at\u00e9 7 minutos e rematr\u00edculas ainda mais r\u00e1pidas, de forma segura e integrada aos softwares financeiros e jur\u00eddicos.<\/p>\n<p>&nbsp;<\/p>\n<p>No <b>Estuda+<\/b>, os alunos acessam conte\u00fados complementares \u00e0 sala de aula de forma interativa e intuitiva, aprendendo e interagindo com professores e colegas. Utilizando os cadernos virtuais, eles acessam textos, v\u00eddeos, imagens, tarefas, avalia\u00e7\u00f5es e enquetes, em uma experi\u00eancia de aprendizagem totalmente personalizada.<\/p>\n<p>&nbsp;<\/p>\n<p>O <b>Aula+<\/b> \u00e9 uma base de conte\u00fados complementares produzida pelos melhores professores do pa\u00eds, pensada para aprofundar e revisar os conhecimentos dos alunos do Ensino M\u00e9dio.<\/p>\n<p>&nbsp;<\/p>\n<p>J\u00e1 a <b>Agenda+<\/b> \u00e9 uma ferramenta pr\u00e1tica e eficiente de comunica\u00e7\u00e3o entre respons\u00e1veis e escolas, que permite a resolu\u00e7\u00e3o de quest\u00f5es sem complica\u00e7\u00e3o e pelo celular. Receba comunicados, leia not\u00edcias e se planeje para os eventos escolares de forma simples.<\/p>\n<p>&nbsp;<\/p>\n<p>Se o objetivo \u00e9 estimular a leitura, com o <b>Leia+<\/b> os alunos do Fundamental 1 e 2 ter\u00e3o uma poderosa biblioteca virtual multiplataforma \u00e0 disposi\u00e7\u00e3o, com um acervo rico e diverso, que conta com obras de literaturas nacionais e internacionais, bem como peri\u00f3dicos de alta relev\u00e2ncia.<\/p>\n<p>&nbsp;<\/p>\n<p>Agora se a meta \u00e9 a reda\u00e7\u00e3o nota mil, o <b>Escreva+<\/b> \u00e9 a solu\u00e7\u00e3o que ajudar\u00e1 os alunos do Ensino M\u00e9dio a chegarem l\u00e1, com uma plataforma de envio e corre\u00e7\u00e3o de reda\u00e7\u00f5es completamente online e avaliadores especializados em feedbacks detalhados.<\/p>\n<p>&nbsp;<\/p>\n<p>Saiba mais sobre a <b>Plataforma A+<\/b> no <a href=\"https:\/\/www.plataformaamais.com.br\/\">site<\/a> e nas redes sociais.<\/p>\n<p><a href=\"https:\/\/www.facebook.com\/plataformaamais\">Facebook<\/a> | <a href=\"https:\/\/www.instagram.com\/plataformaamais\/\">Instagram<\/a> | <a href=\"https:\/\/www.linkedin.com\/company\/plataformaamais\/\">LinkedIn<\/a>[\/vc_column_text][vc_btn title=&#8221;Quer receber um contato da escola? Preencha esse r\u00e1pido formul\u00e1rio que entraremos em contato!&#8221; style=&#8221;custom&#8221; custom_background=&#8221;#0098da&#8221; custom_text=&#8221;#ffffff&#8221; size=&#8221;lg&#8221; link=&#8221;url:http%3A%2F%2Fwww.portinari-ba.com.br%2F%3Fpage_id%3D843&#8243;][\/vc_column][\/vc_row]<\/p>\n","protected":false},"excerpt":{"rendered":"<p>[vc_row][vc_column][vc_column_text] Parceira das escolas na constru\u00e7\u00e3o do futuro da educa\u00e7\u00e3o, a Plataforma A+ \u00e9 uma edtech que aplica tecnologia para desenvolver ferramentas de gest\u00e3o escolar e de ensino-aprendizagem, como o Estuda+, Aula+, Agenda+, Matr\u00edcula+, Escreva+ e Leia+. &nbsp; Cada uma das solu\u00e7\u00f5es contribui para a otimiza\u00e7\u00e3o do dia a dia de mais de 56 escolas [&hellip;]<\/p>\n","protected":false},"author":1,"featured_media":0,"parent":0,"menu_order":0,"comment_status":"closed","ping_status":"closed","template":"","meta":{"footnotes":""},"class_list":["post-765","page","type-page","status-publish","hentry"],"yoast_head":"<!-- This site is optimized with the Yoast SEO plugin v25.6 - https:\/\/yoast.com\/wordpress\/plugins\/seo\/ -->\n<title>PLATAFORMA A+ - Col\u00e9gio C\u00e2ndido Portinari<\/title>\n<meta name=\"robots\" content=\"index, follow, max-snippet:-1, max-image-preview:large, max-video-preview:-1\" \/>\n<link rel=\"canonical\" href=\"https:\/\/www.portinari-ba.com.br\/?page_id=765\" \/>\n<meta property=\"og:locale\" content=\"pt_BR\" \/>\n<meta property=\"og:type\" content=\"article\" \/>\n<meta property=\"og:title\" content=\"PLATAFORMA A+ - Col\u00e9gio C\u00e2ndido Portinari\" \/>\n<meta property=\"og:description\" content=\"[vc_row][vc_column][vc_column_text] Parceira das escolas na constru\u00e7\u00e3o do futuro da educa\u00e7\u00e3o, a Plataforma A+ \u00e9 uma edtech que aplica tecnologia para desenvolver ferramentas de gest\u00e3o escolar e de ensino-aprendizagem, como o Estuda+, Aula+, Agenda+, Matr\u00edcula+, Escreva+ e Leia+. &nbsp; Cada uma das solu\u00e7\u00f5es contribui para a otimiza\u00e7\u00e3o do dia a dia de mais de 56 escolas [&hellip;]\" \/>\n<meta property=\"og:url\" content=\"https:\/\/www.portinari-ba.com.br\/?page_id=765\" \/>\n<meta property=\"og:site_name\" content=\"Col\u00e9gio C\u00e2ndido Portinari\" \/>\n<meta property=\"article:modified_time\" content=\"2021-07-17T22:16:07+00:00\" \/>\n<meta property=\"og:image\" content=\"http:\/\/www.portinari-ba.com.br\/wp-content\/uploads\/2021\/06\/SELO-PARCEIRO-1.png\" \/>\n<meta name=\"twitter:card\" content=\"summary_large_image\" \/>\n<meta name=\"twitter:label1\" content=\"Est. tempo de leitura\" \/>\n\t<meta name=\"twitter:data1\" content=\"2 minutos\" \/>\n<script type=\"application\/ld+json\" class=\"yoast-schema-graph\">{\"@context\":\"https:\/\/schema.org\",\"@graph\":[{\"@type\":\"WebPage\",\"@id\":\"https:\/\/www.portinari-ba.com.br\/?page_id=765\",\"url\":\"https:\/\/www.portinari-ba.com.br\/?page_id=765\",\"name\":\"PLATAFORMA A+ - Col\u00e9gio C\u00e2ndido Portinari\",\"isPartOf\":{\"@id\":\"https:\/\/www.portinari-ba.com.br\/#website\"},\"primaryImageOfPage\":{\"@id\":\"https:\/\/www.portinari-ba.com.br\/?page_id=765#primaryimage\"},\"image\":{\"@id\":\"https:\/\/www.portinari-ba.com.br\/?page_id=765#primaryimage\"},\"thumbnailUrl\":\"http:\/\/www.portinari-ba.com.br\/wp-content\/uploads\/2021\/06\/SELO-PARCEIRO-1.png\",\"datePublished\":\"2021-06-30T19:13:34+00:00\",\"dateModified\":\"2021-07-17T22:16:07+00:00\",\"breadcrumb\":{\"@id\":\"https:\/\/www.portinari-ba.com.br\/?page_id=765#breadcrumb\"},\"inLanguage\":\"pt-BR\",\"potentialAction\":[{\"@type\":\"ReadAction\",\"target\":[\"https:\/\/www.portinari-ba.com.br\/?page_id=765\"]}]},{\"@type\":\"ImageObject\",\"inLanguage\":\"pt-BR\",\"@id\":\"https:\/\/www.portinari-ba.com.br\/?page_id=765#primaryimage\",\"url\":\"http:\/\/www.portinari-ba.com.br\/wp-content\/uploads\/2021\/06\/SELO-PARCEIRO-1.png\",\"contentUrl\":\"http:\/\/www.portinari-ba.com.br\/wp-content\/uploads\/2021\/06\/SELO-PARCEIRO-1.png\"},{\"@type\":\"BreadcrumbList\",\"@id\":\"https:\/\/www.portinari-ba.com.br\/?page_id=765#breadcrumb\",\"itemListElement\":[{\"@type\":\"ListItem\",\"position\":1,\"name\":\"In\u00edcio\",\"item\":\"https:\/\/www.portinari-ba.com.br\/\"},{\"@type\":\"ListItem\",\"position\":2,\"name\":\"PLATAFORMA A+\"}]},{\"@type\":\"WebSite\",\"@id\":\"https:\/\/www.portinari-ba.com.br\/#website\",\"url\":\"https:\/\/www.portinari-ba.com.br\/\",\"name\":\"Col\u00e9gio C\u00e2ndido Portinari\",\"description\":\"\",\"potentialAction\":[{\"@type\":\"SearchAction\",\"target\":{\"@type\":\"EntryPoint\",\"urlTemplate\":\"https:\/\/www.portinari-ba.com.br\/?s={search_term_string}\"},\"query-input\":{\"@type\":\"PropertyValueSpecification\",\"valueRequired\":true,\"valueName\":\"search_term_string\"}}],\"inLanguage\":\"pt-BR\"}]}<\/script>\n<!-- \/ Yoast SEO plugin. -->","yoast_head_json":{"title":"PLATAFORMA A+ - Col\u00e9gio C\u00e2ndido Portinari","robots":{"index":"index","follow":"follow","max-snippet":"max-snippet:-1","max-image-preview":"max-image-preview:large","max-video-preview":"max-video-preview:-1"},"canonical":"https:\/\/www.portinari-ba.com.br\/?page_id=765","og_locale":"pt_BR","og_type":"article","og_title":"PLATAFORMA A+ - Col\u00e9gio C\u00e2ndido Portinari","og_description":"[vc_row][vc_column][vc_column_text] Parceira das escolas na constru\u00e7\u00e3o do futuro da educa\u00e7\u00e3o, a Plataforma A+ \u00e9 uma edtech que aplica tecnologia para desenvolver ferramentas de gest\u00e3o escolar e de ensino-aprendizagem, como o Estuda+, Aula+, Agenda+, Matr\u00edcula+, Escreva+ e Leia+. &nbsp; Cada uma das solu\u00e7\u00f5es contribui para a otimiza\u00e7\u00e3o do dia a dia de mais de 56 escolas [&hellip;]","og_url":"https:\/\/www.portinari-ba.com.br\/?page_id=765","og_site_name":"Col\u00e9gio C\u00e2ndido Portinari","article_modified_time":"2021-07-17T22:16:07+00:00","og_image":[{"url":"http:\/\/www.portinari-ba.com.br\/wp-content\/uploads\/2021\/06\/SELO-PARCEIRO-1.png","type":"","width":"","height":""}],"twitter_card":"summary_large_image","twitter_misc":{"Est. tempo de leitura":"2 minutos"},"schema":{"@context":"https:\/\/schema.org","@graph":[{"@type":"WebPage","@id":"https:\/\/www.portinari-ba.com.br\/?page_id=765","url":"https:\/\/www.portinari-ba.com.br\/?page_id=765","name":"PLATAFORMA A+ - Col\u00e9gio C\u00e2ndido Portinari","isPartOf":{"@id":"https:\/\/www.portinari-ba.com.br\/#website"},"primaryImageOfPage":{"@id":"https:\/\/www.portinari-ba.com.br\/?page_id=765#primaryimage"},"image":{"@id":"https:\/\/www.portinari-ba.com.br\/?page_id=765#primaryimage"},"thumbnailUrl":"http:\/\/www.portinari-ba.com.br\/wp-content\/uploads\/2021\/06\/SELO-PARCEIRO-1.png","datePublished":"2021-06-30T19:13:34+00:00","dateModified":"2021-07-17T22:16:07+00:00","breadcrumb":{"@id":"https:\/\/www.portinari-ba.com.br\/?page_id=765#breadcrumb"},"inLanguage":"pt-BR","potentialAction":[{"@type":"ReadAction","target":["https:\/\/www.portinari-ba.com.br\/?page_id=765"]}]},{"@type":"ImageObject","inLanguage":"pt-BR","@id":"https:\/\/www.portinari-ba.com.br\/?page_id=765#primaryimage","url":"http:\/\/www.portinari-ba.com.br\/wp-content\/uploads\/2021\/06\/SELO-PARCEIRO-1.png","contentUrl":"http:\/\/www.portinari-ba.com.br\/wp-content\/uploads\/2021\/06\/SELO-PARCEIRO-1.png"},{"@type":"BreadcrumbList","@id":"https:\/\/www.portinari-ba.com.br\/?page_id=765#breadcrumb","itemListElement":[{"@type":"ListItem","position":1,"name":"In\u00edcio","item":"https:\/\/www.portinari-ba.com.br\/"},{"@type":"ListItem","position":2,"name":"PLATAFORMA A+"}]},{"@type":"WebSite","@id":"https:\/\/www.portinari-ba.com.br\/#website","url":"https:\/\/www.portinari-ba.com.br\/","name":"Col\u00e9gio C\u00e2ndido Portinari","description":"","potentialAction":[{"@type":"SearchAction","target":{"@type":"EntryPoint","urlTemplate":"https:\/\/www.portinari-ba.com.br\/?s={search_term_string}"},"query-input":{"@type":"PropertyValueSpecification","valueRequired":true,"valueName":"search_term_string"}}],"inLanguage":"pt-BR"}]}},"_links":{"self":[{"href":"https:\/\/www.portinari-ba.com.br\/index.php?rest_route=\/wp\/v2\/pages\/765","targetHints":{"allow":["GET"]}}],"collection":[{"href":"https:\/\/www.portinari-ba.com.br\/index.php?rest_route=\/wp\/v2\/pages"}],"about":[{"href":"https:\/\/www.portinari-ba.com.br\/index.php?rest_route=\/wp\/v2\/types\/page"}],"author":[{"embeddable":true,"href":"https:\/\/www.portinari-ba.com.br\/index.php?rest_route=\/wp\/v2\/users\/1"}],"replies":[{"embeddable":true,"href":"https:\/\/www.portinari-ba.com.br\/index.php?rest_route=%2Fwp%2Fv2%2Fcomments&post=765"}],"version-history":[{"count":5,"href":"https:\/\/www.portinari-ba.com.br\/index.php?rest_route=\/wp\/v2\/pages\/765\/revisions"}],"predecessor-version":[{"id":933,"href":"https:\/\/www.portinari-ba.com.br\/index.php?rest_route=\/wp\/v2\/pages\/765\/revisions\/933"}],"wp:attachment":[{"href":"https:\/\/www.portinari-ba.com.br\/index.php?rest_route=%2Fwp%2Fv2%2Fmedia&parent=765"}],"curies":[{"name":"wp","href":"https:\/\/api.w.org\/{rel}","templated":true}]}}